and t?
16
Let d be ((-18)/4)/(4 + (-19)/4). What is the highest common divisor of 18 and d?
6
Let n = 2 + -7. Let u = n + 13. Suppose 4*t = -0*t + 288. Calculate the highest common factor of u and t.
8
Let z be 1 - 1 - (1 + -27). Calculate the highest common factor of z and 39.
13
Suppose 3*l = -5*j - l - 126, -5*j - 3*l = 122. Let k = 26 + j. Calculate the greatest common divisor of k and 2.
2
Suppose -20*i + 22 = -19*i. Calculate the greatest common factor of i and 22.
22
Let k = 291 + -165. What is the highest common factor of 21 and k?
21
Let x be (-2 - 2/(-1)) + 16. Calculate the greatest common factor of 8 and x.
8
Let l be 15/1 + (-1 - 0). Let y = l + 43. Suppose -76 = 8*m - 12*m. Calculate the greatest common divisor of m and y.
19
Let j(x) be the first derivative of 4/3*x**3 + 2 + x - 1/4*x**4 - 1/2*x**2. Let u be j(3). What is the greatest common factor of 56 and u?
7
Let c(i) = 38*i - 1. Let s be c(1). Suppose 3*t - 5*m - s = -7, 2*m + 30 = 3*t. Calculate the greatest common divisor of 20 and t.
10
Let g = -14 + 18. Let p = 64 + -32. Suppose p = -g*b + 516. Calculate the greatest common factor of 11 and b.
11
Suppose -5*y - 11*k + 8*k + 59 = 0, 5*k + 23 = y. Calculate the greatest common divisor of 91 and y.
13
Suppose 4*z + z + 32 = 2*o, 4 = z - 3*o. Let v = -6 - z. Let s be ((-3)/4)/(1/(-4)). What is the highest common factor of s and v?
1
Suppose -5*q + h = -77, 28 = 2*q + h - 0*h. Calculate the highest common factor of 15 and q.
15
Suppose -5*d - 2*r + 20 = 4, 0 = 4*d - 5*r + 7. Suppose -4*w - 44 = -4*p, -p - d*w = -6*w - 14. What is the greatest common factor of p and 30?
10
Suppose 837 = 5*w - 3*s - 0*s, 0 = -3*w - 3*s + 483. What is the highest common divisor of w and 33?
33
Let n(g) = 15*g. Let f be n(1). What is the greatest common factor of 135 and f?
15
Let x = 10 + -6. Suppose 0 = -3*f + 7*f - 4. Calculate the highest common divisor of f and x.
1
Let r(f) be the second derivative of -2*f**3 + 2*f. Let y be r(2). Let n = y - -34. Calculate the highest common factor of n and 30.
10
Suppose -u - 10 = -f + 2, -3*f = 4*u - 22. Let g be (2/3)/(1/3). Let h = g + 0. What is the highest common factor of h and f?
2
Let a(m) = m**2 + 7*m - 3. Let j be a(-8). Let b(z) = 12*z + 10. Let c be b(j). What is the highest common factor of 28 and c?
14
Let i be (-12 - 0)*(-3 + (-5)/(-3)). Calculate the highest common factor of i and 4.
4
Let p = -58 - -98. Let j(s) = -s**3 + 6*s**2 + 5*s - 14. Let w be j(6). What is the highest common divisor of w and p?
8
Suppose -17 = 5*v - 127. What is the highest common divisor of 22 and v?
22
Suppose 9*w = 10*w - 13. Calculate the highest common factor of w and 65.
13
Suppose -5*y - 5 = -n, -3*n + 5*y + 42 = -3. What is the greatest common divisor of n and 70?
10
Let p(g) = -45*g - 1. Let f be p(-1). Calculate the greatest common divisor of f and 110.
22
Suppose 0 = -5*q - 95 + 20. Let n = -11 - q. Calculate the highest common factor of n and 32.
4
Let u = 44 + -33. Calculate the highest common factor of u and 11.
11
Let d(x) = 3*x**3 - 2*x**2 - 5*x + 6. Let w be d(3). Let g = -38 + w. Calculate the greatest common divisor of g and 112.
16
Suppose 0*n + 2*n = 32. What is the highest common factor of n and 16?
16
Suppose -2*k - 322 - 693 = -3*n, 3*k = 5*n - 1693. Suppose 0 = -5*c + n + 154. Let w be ((-18)/(-8))/(2/8). Calculate the greatest common factor of c and w.
9
Let p(r) = 3*r. Let i(h) = -2*h. Let b(v) = 4*i(v) + 3*p(v). Let z be b(2). Let k be z*(-1 + (-9)/(-6)). Calculate the greatest common divisor of k and 7.
1
Let i(a) = a**2 - 5*a - 4. Let y be i(4). Let m = -45 - y. Let u = m - -118. Calculate the greatest common divisor of u and 9.
9
Let v(q) = -q**3 - 12*q**2 + q + 17. Let b be v(-12). Calculate the highest common divisor of 25 and b.
5
Let l be (-11)/4 + 2 - (-284)/16. What is the highest common divisor of 17 and l?
17
Suppose 0 = -o - 5*q + 85, 3*o - 214 = 5*q + 121. Let w be o/(-14)*3*-2. What is the greatest common divisor of w and 15?
15
Suppose 8 = 5*r - 3*r. Suppose 2*a + 22 = -r*n, -3*n + 6*n + 15 = 0. Let j = 13 + a. What is the greatest common divisor of 3 and j?
3
Let s = -22 - -37. Calculate the highest common factor of 60 and s.
15
Suppose -2 - 2 = -2*u. Suppose 3*i - 53 = 5*t, -u*i + 5*t + 53 = 11. Calculate the greatest common factor of 44 and i.
11
Suppose -2*x = 4*t - 8, 0*x - 4*x - 4*t = -24. Suppose -m - 3*m + 16 = 0. Calculate the greatest common factor of x and m.
4
Suppose -2*j + 2*y - 3 - 25 = 0, 3*y - 68 = 5*j. Let s be 2 + j/(-1) + -4. Calculate the greatest common divisor of s and 22.
11
Let y be (-4)/(-20) + (-32)/10. Let i be 2/2 - (2 + y). What is the greatest common divisor of 18 and i?
2
Let l(u) be the third derivative of -5/12*u**4 - 5/6*u**3 + 0*u + 0 - 1/60*u**5 + 4*u**2. Let i be l(-9). What is the greatest common divisor of 8 and i?
4
Let j be (-3)/((-1)/(-1))*-2. Let m be 2 + -1 - (-36 + -5). What is the greatest common factor of j and m?
6
Let b(a) = -a**3 - 17*a**2 + 17*a - 17. Let t be b(-18). Calculate the highest common divisor of t and 2.
1
Let m(w) = -w**3 + 13*w**2 - 11*w - 9. Let p be m(12). Calculate the greatest common factor of 6 and p.
3
Suppose -4*o - 31 = -w + o, 0 = 5*w + 3*o - 183. What is the highest common divisor of 12 and w?
12
Let l be 0 + 2 + 2 + 2. What is the greatest common divisor of l and 2?
2
Suppose 5*d = -g + d + 1, -2*d - 2 = 0. Suppose 182 = -g*i + 507. Let h be 2 + (11 - (-1 + 1)). What is the highest common factor of h and i?
13
Let x = 31 + -17. Calculate the greatest common factor of 14 and x.
14
Let f(b) = 3*b**2 + 23*b + 6. Let r be f(-8). What is the highest common factor of r and 2?
2
Suppose -27*h + 76 = -25*h. What is the greatest common factor of 95 and h?
19
Let j = -65 + 99. Calculate the greatest common factor of 85 and j.
17
Suppose -2*p = t - 24, 0 = -3*p + t + 18 + 18. Let x = 4 - 4. Suppose x = -2*m + 2 + 6. What is the greatest common divisor of m and p?
4
Suppose -x + 24 = 3*k, 2*k + 0 = 3*x + 27. Suppose z - 18 - 45 = 0. Calculate the greatest common divisor of z and k.
9
Let u be 0 + ((-2)/3 - 583/(-33)). Calculate the highest common divisor of u and 17.
17
Suppose -c = -2*g - g - 11, -17 = g - 3*c. Let j = g - -19. What is the highest common divisor of 85 and j?
17
Let z be (-282)/(-5) - 12/30. Suppose -5*w + 7 = -33. What is the greatest common factor of w and z?
8
Let k(p) = -p**3 + 3*p**2 - 3*p + 2. Let i be k(2). Let a(o) = o**2 - 8*o - 19. Let l be a(9). Let x = i - l. What is the greatest common divisor of 50 and x?
10
Let x = 11 - 4. Let p = 2 + x. Let j(m) = 9*m**2 + 2*m - 3. Let o be j(-3). What is the highest common divisor of o and p?
9
Let u = 4 - -84. Let h(o) = -o**3 + 11. Suppose -1 = 5*m - 2*i + 3, -10 = 5*m - 5*i. Let p be h(m). What is the greatest common divisor of p and u?
11
Let t(f) be the third derivative of -f**4/8 - 4*f**2. Let u be t(-4). Calculate the greatest common divisor of 96 and u.
12
Let i(f) = -5*f + 22. Let o be i(-10). Calculate the greatest common divisor of o and 180.
36
Suppose -2*v = 4 - 18. Calculate the greatest common divisor of v and 49.
7
Suppose -q = -42 - 14. What is the highest common factor of q and 560?
56
Let c(b) be the second derivative of 5*b**3 + b**2/2 - 4*b. Let y be c(4). What is the highest common factor of y and 11?
11
Suppose 3*m = 3*j - 25 - 5, 34 = 4*j + 2*m. Let r be (3 - j)/(6/(-20)). What is the highest common divisor of r and 140?
20
Let o = -4 - -2. Let l be o*(-1 + 2) - -9. Let i be ((-3)/((-6)/28))/1. What is the highest common factor of i and l?
7
Suppose 4*v = 417 + 627. What is the greatest common factor of 29 and v?
29
Suppose -4*q + 26 + 50 = 0. Suppose 285 = -4*x + 7*x. Calculate the highest common divisor of x and q.
19
Let w(u) = 21*u**3 - u**2 + u. Let p be w(1). Let h = -11 + p. Let m = 6 + h. What is the highest common factor of m and 16?
16
Suppose -5*s + 31 = -4*c + 11, c = 0. Calculate the highest common divisor of 10 and s.
2
Let b = 5 - -5. Suppose -6*i + 5*v = -4*i - 35, -4*i = -2*v - 62. Let q be b*(21/i + -1). Calculate the highest common divisor of 4 and q.
4
Suppose -3*v = 29 - 80. Calculate the highest common factor of v and 68.
17
Suppose 0 = -0*i - 4*i + 16. Suppose 0 = -k - 3*y + 12, -i*k + 0*k 